igit of y(g)?
3
Let t be (108/60)/((-10)/(100/(-3))). Let h(x) = -x**2 + 4*x + 9. Let d(n) = 3*n**2 - 11*n - 26. Let b(c) = 3*d(c) + 8*h(c). What is the units digit of b(t)?
4
Let u = -21 - -25. Suppose -u*q - 186 = 5*j, -3*q = -3*j - 0*q - 90. Let y = 5 - j. What is the tens digit of y?
3
Suppose 0 = -2*h - 54 + 76. Suppose h = 2*o - 141. Suppose 2*w = 3*m + o, -4*w + 2*m + 140 = -m. What is the units digit of w?
2
Suppose -22 - 62 = -7*x. Let c = x + -8. Suppose m + c*m = 3*a + 104, -3*m + 42 = 5*a. What is the tens digit of m?
1
Let h(w) = 319*w - 6213. What is the hundreds digit of h(44)?
8
Let p(n) = 4*n**2 + 2*n - 3. Let q be p(1). Suppose -2*f = q*f - 200. What is the tens digit of 890/f - (-1)/(-4)?
2
Let u = 2930 + -1149. What is the units digit of u?
1
Let t(x) be the first derivative of 0*x**2 + x + 122/3*x**3 - 16. What is the units digit of t(1)?
3
Suppose -8684 - 14985 - 511 = -6*r. What is the thousands digit of r?
4
What is the units digit of (-78)/(-91) + 6763/7?
7
Let t be (14/3 + -4)/((-3)/477). Let p be 4/14 - 4/14. What is the hundreds digit of (t + 0)*(6/(-3) - p)?
2
Suppose 4*c - 5 = -4*b - 1, 3*b + 9 = 3*c. Let h be 74 + c + -5 + 3. Let l = 26 + h. What is the tens digit of l?
0
Let k = -2420 - -5560. Suppose -4*w - 4*h = -k, 5*w + h = 2461 + 1456. What is the units digit of w?
3
Let w be -36 + 0/3 + -5 + 2. Let m = w + 100. Suppose 0 = -m*r + 58*r + 168. What is the units digit of r?
6
Let v be ((0 - 1) + -20 + 21)/3. Suppose v = -2*s + 795 + 809. What is the hundreds digit of s?
8
Suppose -57*d + 56*d = -179. Suppose -z + 2*k + d = -20, 5*z + 4*k - 1009 = 0. What is the units digit of z?
1
Let m be 4 + 3*-2*17/(-2). Suppose m = 2*t - 429. What is the hundreds digit of t?
2
Let w(d) = 2*d**2 - 301*d + 8081. What is the units digit of w(28)?
1
Let f(v) = 4*v**2 + 3*v - 6. Let t be f(-2). Suppose 4*m = 6 + 6. Suppose 0 = u - m*u + a + 107, -4*u + t*a + 204 = 0. What is the tens digit of u?
5
Suppose 0 = -3*n - 2*i + 478 - 1661, 0 = -4*i - 20. Let r = 691 + n. What is the hundreds digit of r?
3
Suppose 136*w - 162*w = -32890. Let b = w + -730. What is the hundreds digit of b?
5
Let w(p) be the third derivative of -p**6/720 + 49*p**5/120 - 5*p**4/12 - 27*p**2. Let i(v) be the second derivative of w(v). What is the units digit of i(-13)?
2
What is the thousands digit of 13 - (-266175)/125 - ((-6)/10 - 0)?
2
Let j be 4/(-7)*-43 + 8/(-14). Suppose -17*p - 4431 = -j*p. What is the hundreds digit of p?
6
Suppose 5*w + 60*w - 1516890 = -572440. What is the ten thousands digit of w?
1
Let y = 21647 + 2238. What is the units digit of y?
5
Let d(x) = 8353*x**3 + 2*x**2 + 429*x - 430. What is the thousands digit of d(1)?
8
Let r = -4276 - -8599. What is the hundreds digit of r?
3
Suppose -126 - 198 = -12*v. Suppose v + 337 = c. What is the hundreds digit of c?
3
Let p = 16469 - 10985. Suppose -p - 6986 = -10*y. What is the units digit of y?
7
Let h be ((-22)/(-4) - 2 - -2)*2. Let k = h + 18. What is the tens digit of k?
2
Suppose -197*r + 102*r - 69762 = -98*r. What is the thousands digit of r?
3
Suppose 15 = -7*v + 29. Suppose 0 = 2*t - v*l - 586, -872 = 4*t - 7*t - 4*l. What is the hundreds digit of t?
2
Let v(p) = -13*p**2 - 51*p + 42. Let n(o) = 11*o**2 + 52*o - 41. Let h(b) = -6*n(b) - 5*v(b). What is the tens digit of h(-30)?
4
Let f(n) = 31*n + 46. Let w(o) = -21*o - 31. Let j(h) = 5*f(h) + 7*w(h). Suppose 4*b - 29 = -i, 7*b - 4*b - 5*i - 39 = 0. What is the units digit of j(b)?
7
Let t(i) = i**3 + 2*i**2 - i. Let b be t(-2). Let y(j) be the second derivative of 11*j**3/6 + 3*j**2 - 4*j. What is the tens digit of y(b)?
2
Let f(z) = -2024*z + 3247. What is the ten thousands digit of f(-13)?
2
Let x(z) be the first derivative of 9*z**2/2 + 34*z - 29. Let r be 7*(1 - 15/(-21)). What is the units digit of x(r)?
2
Suppose 2*k + 2*k = -16. Let t be k*2/(-8)*1. What is the tens digit of t/4 + 323/4?
8
Let d(p) = 6 - 2 - p - 1 + 5*p**2 + 2*p. Let o be d(3). Let l = o + -37. What is the units digit of l?
4
Let l = 1281 + -1276. Let s be (-2062)/(-14) - (-8)/(-28). Suppose 0 = -l*p + 2*p + s. What is the tens digit of p?
4
Let k be (-20)/15*12/40*5. What is the thousands digit of ((-2876)/10)/((-36)/(-20) + k)?
1
Let v be (-2512068)/(-60) - 3/(-15). Suppose -11*a - 25*a = -v. What is the tens digit of a?
6
Let k(u) = 2*u**2 + 13*u - 31. Let b(p) = -p**3 + 7*p**2 - 12*p + 3. Let x be b(5). Let n be k(x). What is the tens digit of (-45)/18*n/5?
1
Let q(z) = 94*z**2 - 35*z - 222. What is the thousands digit of q(-10)?
9
Suppose 5*r = 4*r - 5*y + 908, -4*y + 2746 = 3*r. Let o = r - 636. What is the tens digit of o?
8
Suppose q = -5*d + 3419, -4*q + 4289 + 9483 = -4*d. Suppose 20*x - q - 921 = 0. What is the tens digit of x?
1
Let z = -5 - -9. Let i(h) = 3*h**2 + 3*h + 4. Let f(x) = -x**2 - x + 2. Let q(u) = -f(u) + i(u). What is the tens digit of q(z)?
8
What is the tens digit of 2*4 + (-240)/45*(-11019)/2?
9
Let g = 471 + 101. Let j = g + -115. What is the tens digit of j?
5
What is the units digit of (-7)/(35/(-4)) + (-13)/((-390)/915966)?
3
Let y = 1 - -2. Let m(a) = 7 + 5*a**2 + 4*a**2 + 19*a + 9*a**2 - 8*a**2 - a**y. What is the units digit of m(11)?
5
Let q(k) = -4*k + 11. Let z be q(2). Suppose 188 = z*l - 127. What is the units digit of l?
5
Let v(g) = 4196*g**2 + 12*g. Let p(n) = 1049*n**2 + 3*n. Let b(z) = 9*p(z) - 2*v(z). What is the units digit of b(1)?
2
Let d(p) be the first derivative of -1/3*p**3 + 22*p + 15/2*p**2 + 15. What is the units digit of d(11)?
6
Let t be -2*(0 + 171/6). Let v = -237 + 203. What is the units digit of (-19)/t - v/6?
6
Let q(r) = 6*r**2 - 23416 - 9*r - 2*r**2 + 23422 + 20*r**3. What is the tens digit of q(1)?
2
Suppose 0 = 10*i - 15*i + 2*n + 2902, -2*i + 1172 = 2*n. Let y = i - -54. What is the tens digit of y?
3
Let n be (-1 - -11) + (-279)/31. What is the units digit of (16/24)/(n - (-3385)/(-3387))?
9
Suppose 50*d - 51*d = 2, 0 = -w + 4*d + 15. Let z(u) = -17*u + 11. Let l(r) = -r. Let j(b) = -6*l(b) - z(b). What is the tens digit of j(w)?
5
Let b = 467 + -330. Suppose 0 = 141*r - b*r - 1224. What is the units digit of r?
6
Let k(z) = 2*z**2 - 7. Let y(i) = -i**2 - 2*i + 19. Let t be y(3). Let u be k(t). Let f = 219 - u. What is the hundreds digit of f?
1
What is the hundreds digit of ((-11)/22)/(-3*2/2664)?
2
Let r be 3 + 4/(-6)*(4 + -7). Let a = r - -3. Suppose 171 = 5*m - 0*q + 2*q, 4*q = -a. What is the units digit of m?
5
Let w = -368 + 1928. Let q = w - 396. What is the thousands digit of q?
1
Suppose -117047 = 157*c - 1165619 - 1508801. What is the units digit of c?
9
Suppose -81 = -y + 567. Let t = y - 454. What is the tens digit of t?
9
Let f(m) = 14*m - 9. Let d be f(1). Suppose -27 - 1393 = -d*v. What is the tens digit of v?
8
Suppose -4*a = a - 25. Suppose a*m - m = 2*m. Suppose v + 4*c - 63 = m, -4*c - 253 = -3*v - 0*c. What is the tens digit of v?
7
Let b = 37556 + -37110. What is the tens digit of b?
4
Suppose -92*p + 144608 + 166628 = 0. What is the tens digit of p?
8
Let p = 2144 + -3375. Let z = p - -2295. What is the thousands digit of z?
1
Let m(c) = 4*c**3 - 4*c**2 + 7*c + 1. Let u be m(3). Suppose -104*j + 2770 = -u*j. What is the units digit of j?
7
Let n = 2599 - -16276. What is the thousands digit of n?
8
Let w(c) = 92*c**2 + 190*c - 51. What is the thousands digit of w(-10)?
7
Suppose 2*h + 8 = y, -4*h = 5*y - 3*h + 15. Let u(a) = -155*a - 23. What is the tens digit of u(y)?
8
Let v be (-2)/(-17) - (-204512)/272. Let z = v + -487. What is the units digit of z?
5
Let s(l) = 548*l**2 + 16*l - 115. What is the units digit of s(11)?
9
Suppose 4*z - 61 = j, j + j + z + 77 = 0. Let a = j + 41. Suppose 4*r - 5*h = -4*h + 288, a = -3*r - 3*h + 201. What is the units digit of r?
1
Suppose a - 3 = 0, 4*x = -0*x - 3*a - 55. Let f be 24/x*2/(-6)*0. What is the hundreds digit of (f - 1)/(13/(-13)) + 143?
1
Suppose 3*t = -10*h + 13*h + 15882, 2*t + 2*h = 10592. What is the tens digit of t?
9
Let z be (2 + 1/(-2))/(7/28). What is the units digit of z/((-48)/(-1772))*2?
3
What is the ten thousands digit of 13/((-78)/(-62562)) - (-35)/5?
1
Let l(r) = 29*r**2 - r - 56*r**2 + 8 + 30*r**2. Let i be l(7). Suppose -i = -2*m - 4*j, -2*j + 3*j = -4. What is the tens digit of m?
8
Let k(b)